 5) + (0 - (10 - 6))?
-15
What is -7 + 2 - (-2 + -4 + -3)?
4
What is -4 + (-13 - 3) + 12 + (-10 - -9)?
-9
Evaluate 51 + -51 + (18 - 9).
9
Calculate 1 + (-9 - -24) + -6.
10
Evaluate 1 + 1 - (-24 + (-7 - (-3 - 12))).
18
Evaluate 0 + 7 + 9 + (1 - 10).
7
Calculate -27 + (47 - 15) + -7.
-2
Evaluate 0 - -2 - (-1 + -6 - (-18 - -6)).
-3
Calculate -10 + -26 + 52 - 10.
6
What is -3 - (-16 + -2 + (-12 - 15 - -38))?
4
-7 + 2 + (-88 - -103)
10
Calculate 1 + 9 + -4 + (5 - 7).
4
-12 + 11 + 3 - -24
26
Calculate -455 - -451 - (0 + 8).
-12
Evaluate (5 - 3) + (-110 - -121).
13
Calculate 5 + (-20 - -21 - -13).
19
Evaluate (-2 - (-2 + 1)) + -3 + -3 + 11.
4
What is 2 + -8 + 11 + -1 + -11?
-7
What is (-3 + 2 - (5 + -2)) + 11?
7
Evaluate (-9 - 0) + 29 + -19 + -5.
-4
What is (8 - -2) + -1 - (-133 + 142)?
0
What is the value of -2 + 0 + (237 - 236)?
-1
Evaluate 16 - (-19 + (-7 - -43)).
-1
Evaluate 31 + 0 + (-5 - 19).
7
What is the value of (3 - 7 - 2) + (20 + -25 - -12)?
1
35 - -4 - (-4 - -12 - (-1 - -2))
32
What is the value of 4 + 6 + (-5 - 6)?
-1
Calculate -10 + 2 + (9 - 3).
-2
Calculate -131 - -149 - (0 + 16).
2
What is the value of 12 - (0 + 0 + 4 + -5) - -2?
15
What is the value of 26 + (-26 - 8 - 14)?
-22
What is the value of 0 - -1 - (-662 - -647)?
16
Calculate 0 + (7 - 5 - (0 - -1)) + -7.
-6
What is the value of -5 + 35 + (12 - 6)?
36
-10 + -30 + -20 + 39
-21
Calculate (-21 + 8 - -43) + -31.
-1
-22 + (-1 + -7 - 3) + 13
-20
What is 1 - (0 - 7 - (-27 + 28))?
9
Calculate (7 - (4 - -26 - 11)) + -5 + 0.
-17
-11 - (-11 + (9 - 17))
8
-2 + (-3 - (-9 + 5) - -14)
13
What is the value of 3 + 3 + (-47 - -68)?
27
Calculate -34 + 17 - -11 - 10.
-16
Calculate -11 - (-17 - (-4 + -5 - 0)).
-3
Evaluate 8 + -2 + (0 + -34 - -26).
-2
What is (20 - (-39 + 26)) + 0 + 1 + -1?
33
Evaluate (-2 - (5 + -12) - 19) + -2.
-16
3 + (-2 - 2 - (78 + -83))
4
What is the value of -16 + (-15 - -16) + 27 + -3?
9
Evaluate -12 + (4 + 9 + 4 - (3 - -6)).
-4
Calculate -1421 + 1419 + (-35 - (2 - (1 + -2))).
-40
37 - 62 - -24 - (-4 - 2)
5
Evaluate 13 + (-24 - -16) + (-1 - -2).
6
Evaluate 6 + -4 + 18 + (-6 - 0) + 1.
15
Evaluate 18 + (10 - 0 - (-8 - -27)).
9
What is the value of 9 - 1 - ((-12 - -16 - -17) + -10)?
-3
1 + 14 + (73 - (61 - -20))
7
Evaluate 1 + -2 - 6 - (29 - 36).
0
38 - (-8 - -26) - (1 - -5)
14
Calculate -34 - (25 - (77 + -19)).
-1
Evaluate -29 - (-1 + -11) - (-7 + 13).
-23
Calculate 5 - 0 - -19 - (0 + 3 - -3).
18
Evaluate 14 - ((4 - -29) + -42).
23
Evaluate (21 + -79 - -51) + (1 - 0 - 17).
-23
(-15 - -8) + (-3 - (-3 + 5))
-12
What is the value of -13 - (-5 - (-14 + 22 + -7))?
-7
What is the value of 31 - -5 - (0 - -35)?
1
What is (26 - (64 + -18)) + (3 - -36)?
19
-21 - (-6 - (4 + -1)) - -5
-7
What is 6 + -10 + 2 + (11 - 2) - -1?
8
What is -4 + 0 + (-5 - -17) - (191 + -163)?
-20
What is 8 + -17 + 14 + (-3 - -11)?
13
Calculate -7224 - -7218 - (-1 + 0 + (1 - -6)).
-12
Calculate (23 - 5) + -6 + 16 + -1.
27
What is 35 + 3 + -38 - (-29 - (-2 + 1))?
28
Evaluate (11 - 6 - 15) + (5 - (9 + -6)).
-8
What is -24 + 7 - (-2 + 6 + -2)?
-19
Evaluate -31 + 21 - ((1 - 0) + -5) - 17.
-23
-53 + 70 + (-33 - 0) + 16
0
Calculate -3 - -9 - (5 - 0 - -2 - 3).
2
What is the value of -15 - ((9 + -11 - -6) + -8)?
-11
Evaluate 7 + 16 - (-9 + -5 - -9).
28
What is (319 - 309) + (2 - 5 - 1 - -13)?
19
What is 143 + -118 - (-1 + 18)?
8
(22 - (-8 - (-3 - -5) - -6)) + -7
19
What is the value of (-2 - 1) + (0 + (14 - 9) - 4)?
-2
1 - 2 - (8 + -1) - (155 + -148)
-15
Calculate -30 - (-3 + -22) - -1.
-4
Calculate 10 + -3 + (-1 - (3 + 2)) + -2.
-1
What is the value of 2 + 3 + -8 + 18?
15
What is -1 + -2 + (0 + 22 - (-647 - -650))?
16
What is the value of 0 - 75 - (240 - 278)?
-37
Calculate 24 + -16 + 1 + (-5 - -3).
7
Evaluate -5 + (-3 + 10 + -2 - 3).
-3
(19 - 15 - (10 - 9)) + -24
-21
(2 - (-20 - -14)) + -18
-10
Evaluate 12 + -21 + (10 + 0 - 2).
-1
Calculate 23 + (-61 - (9 - 39)).
-8
Evaluate 8 + 0 - (0 + (2 + -5 - -3)).
8
(-10 - 0) + 156 + -78 + -74
-6
What is the value of 1 + 4 + 361 + -376 + -19?
-29
Calculate 6 + -11 - (-4 + -4 + 8 + 1).
-6
Evaluate -14 - (35 + -16 + -10).
-23
What is the value of -3 + (4 - -2 - -1)?
4
What is -57 + 73 + (-1 - 1)?
14
Evaluate 10 - (-2 + -1) - (86 - 51).
-22
(7 - (4 + -8 + 7)) + 37 + -35
6
Evaluate (1 - (-1 - -5)) + (-22 - -21).
-4
Evaluate -21 + 0 - (-14 + 8).
-15
Calculate -5 + (-5 - -1) + 2 - -1.
-6
-6 - (6 + -8 - -4) - (-38 - -3)
27
Evaluate 4 - (4 - 0) - 14 - -11.
-3
What is the value of (-1 - -3) + -4 - 4 - (64 - 39)?
-31
Evaluate 1 - 0 - 7 - (-7 + 10 + -39).
30
Evaluate 13 - (-2 - 0) - (-64 + 70).
9
Evaluate 0 + 2 - (3 + (-9 - (10 + -24))).
-6
Evaluate 7 + -44 + 48 + (-1 - 13).
-3
What is the value of 12 + (-4 - (-6 - -5)) + (-6 - 7)?
-4
-3 + 7 + -14 + 1 + 3
-6
(-460 - -446) + 0 + 5
-9
Evaluate (-8 - -10) + (20 - (5 + -5 + 5)).
17
What is the value of (-3 - -10) + 2 + -29 - -9?
-11
What is (-12 - ((-12 - -7) + 1)) + -3?
-11
-7 - (-18 + (6 - -6) + -6)
5
What is 20 + -45 + 11 - (-1 - 6)?
-7
What is -10 - (-14 - (-11 - 6 - -3))?
-10
Calculate 15 + -1 + -96 + 83 + -7.
-6
What is the value of 3 - ((18 - 17) + -3 + 9) - -5?
1
19 + -11 + 14 + 3
25
What is (10 - (-13 + 10)) + -1 + -15?
-3
Calculate (17 - 0) + (-405 - -376).
-12
What is the value of 26 + (-9 - (-2 + -5 + 8))?
16
What is the value of 1 + 28 + -1 - (21 - 103 - -82)?
28
Calculate 2 - (-12 - 0) - (0 - 0 - 0).
14
1 + (6 - -1 - (-14 + 12) - 18)
-8
-8 + (31 - (-16 + 29))
10
Evaluate (0 + 0 - -6) + (19 - 5 - 19).
1
(5 - 2) + -10 + -12
-19
What is (1 - -10 - (28 - 29)) + 0?
12
Calculate 16 - (1 - 0) - (28 + (10 - 35)).
12
-503 + 484 - (-1 + 1)
-19
(7 - (4 - 22 - -16)) + (1 - 38)
-28
Calculate -19 + 1 - (66 + -73).
-11
What is -5 - (12 + -7 + -7) - 8?
-11
Evaluate -34 - (-18 + (-9 + 0 - -13)).
-20
Calculate 299 + -290 + (0 - 18).
-9
-8 + 0 - -9 - (1 + -1)
1
-107 + 113 - (2 + -1 + -14 - 4)
23
What is the value of -12 - ((2 - -1) + (90 - 95))?
-10
1 - -7 - (22 - (25 - 16))
-5
Evaluate (7 - (-28 + 15 - -16)) + -40.
-36
What is (-10 - -10 - 6) + (3 - 1) + -7?
-11
-11 + (-13 - -4) + 18
-2
(-11 - 10) + 4 + 21
4
Calculate -5 - (14 + -1 + (-86 - -96)).
-28
What is the value of 7 - (0 + 0 + -2 + 1 + 6)?
2
What is the value of 43 - 45 - (0 - 8)?
6
Calculate 14 + (-38 - 14) + 19 + -4.
-23
What is -4 + (3 - (3 + -5)) + 9 - 1?
9
What is the value of (4 - (-1 + -8)) + -10 + -2?
1
Evaluate 2 + 12 + -24 + -6 - -15.
-1
What is 38 + (-20 - -9 - 15)?
12
Calculate (125 - 144) + (34 - -1).
16
What is (-1 - 0) + (-6 - (-6 - -6) - 11)?
-18
Evaluate 27 - (-17 + 20 - -10).
14
What is (5 - 14 - 0) + (-119 - -158)?
30
-18 - -14 - (-4 + 1 + -24)
23
What is 2 - (1 - (4 + -9 + 2))?
-2
Evaluate (10 - 15) + 6 - (-6 + 1 - 2).
8
Calculate 8 + -6 + -3 - -1 - -5.
5
Calculate 17 + -37 + (17 - -1) + 1.
-1
What is the value of 1 + -8 - (5 - (22 - 0)) - -4?
14
What is -4 + -3 + 2 - (-13 - -8)?
0
42 + 2 - (-15 + 1 - -29)
29
What is 0 + 0 + (-9 + 1 - 10 - -20)?
2
Evaluate 16 - (22 + -46 + 34).
6
7 - (3 - (9 - 10 - -5))
8
What is 3 + 14 + -7 + -10?
0
What is the value of 41 + -44 - 7 - -36?
26
What is the value of 3 + -7 - (-66 - -61)?
1
Evaluate (23 - 45) + 25 + 11.
14
Evaluate (-9 - -6) + 10 + -1 + 0.
6
-39 + (-16 - -26) + 1 - -1
-27
What is 29 + (-15 - (-11 + (3 - 3)))?
25
What is 6 - (9 + -1 + -19 + 26 + -14)?
5
18 - -1 - (-343 - -357)
5
Evaluate -48 + 65 + -6 + -17.
-6
Calculate -13 - (-33 + 24) - (27 - -1 - -2).
-34
What is the value of 11 - ((5 - 2) + -6) - -1?
15
Calculate (-29 - -2) + 12 + 18.
3
What is the value of 4 + -33 + 40 + (2 - 16)?
-3
-4 - (7 + -1 - 10) - -5
5
Evaluate -14 + 35 - (-3 + 16 - -1).
7
Evaluate (-98 - -105) + -1 + (6 - -1) - -2.
15
Calculate 32 + 1 - (-73 + 80) - 9.
17
Evaluate 14 + 0 + (-918 - -879).
-25
(-12 - 2 - (16 + -23 + 1)) + -3
-11
What is the value of 1 + 18 - (-671 - -710)?
-20
Evaluate -2 - 19 - (-7 + (-2 - -8)).
-20
What is (2 - -6) + -3 + 0 - 9?
-4
Evaluate 0 + -13 + -47 + (94 - 9).
25
Calculate (8 - -1) + 11 + -11 + -3.
6
What is 5 + (0 - 6) + (-12 - -19)?
6
30 + (20 - 25) - 1
24
What is the value of -9 + (0 - -6) + 61 + -67?
-9
What is the value of (18 - -12) + -44 - -12?
-2
Calculate 7 - (1 + 7 + (3 - -2 - 5)).
-1
-8 - (-6 + 18 + -15)
-5
What is (-4 - -2) + (-7 - (-2 + -12)) + -5?
0
Calculate 8 - (-30 + (49 - 0)).
-11
What is the value